-5*k - 66, -4*z - 3*k = -32. Calculate the greatest common divisor of d and z.
14
Let j be ((-7)/21)/(2*5/(-5670)). Suppose -4*h = 2*x - h - 69, x - 32 = -h. What is the highest common divisor of j and x?
27
Suppose 1135 - 7677 = -168*n + 2866. Calculate the highest common factor of n and 413.
7
Suppose -l - 33 + 39 = 0. Suppose -l*s + s + 181 = 4*z, 5*s = -5*z + 225. Calculate the greatest common factor of z and 176.
44
Let j(r) = -2*r**3 + 51*r**2 + 52*r - 30. Let f be j(26). Calculate the highest common divisor of f and 76.
38
Let u(k) = k**3 + 4*k**2 - 7*k + 5. Let c be u(-5). Let q be (-10)/c + 720/27. What is the highest common factor of 832 and q?
26
Let k be (1 - 1)/(10/30*-3). Suppose k = -2*x - 596 + 636. What is the greatest common divisor of x and 250?
10
Let t(p) = -p**3 + 14*p**2 - p - 42. Let m(b) = 14*b**2 + b - 2. Let v be m(1). Let l be t(v). Calculate the highest common factor of 6 and l.
6
Suppose -2*n = -9 - 29. Suppose 5*b + 4*i = 269 + 210, -b + 91 = -4*i. What is the highest common divisor of n and b?
19
Suppose -m = 2*m - 192. Let b be 6/4*((-16544)/33)/(-47). What is the highest common divisor of b and m?
16
Let b = -6871 - -7132. Calculate the greatest common divisor of b and 153.
9
Let v = -138 + -24. Let s = -59 - v. Let p = 127 - s. What is the highest common divisor of 36 and p?
12
Let c(s) = 4*s**2 + s + 101. Let p be c(-7). What is the highest common divisor of p and 986?
58
Suppose 10*v = 17603 + 24877. Calculate the highest common factor of 8 and v.
8
Suppose -3*t - 5*j + 10280 = 2*t, t - 2082 = 12*j. Calculate the highest common divisor of 196 and t.
98
Let j(s) be the third derivative of s**6/120 - s**5/30 - s**4/24 - s**3 + 18*s**2. Let o be j(5). Calculate the highest common divisor of 16 and o.
16
Suppose -f - 6*y + 2*y - 25 = 0, 3*f + 92 = 5*y. Let i = 59 + f. Let j(t) = t**2 + t + 100. Let a be j(-11). What is the greatest common divisor of a and i?
30
Let k(w) = -w + 3. Let s be k(7). Let f(p) = -6*p - 2. Let r be f(s). Let l(y) = 100*y - 1645. Let q be l(17). What is the highest common divisor of r and q?
11
Let i be ((-150)/(-35))/((-18)/(-84)). Let c be (-9 - -19 - 8)/(2/i). What is the highest common divisor of c and 460?
20
Suppose 4*h + 38*j - 36*j = 18, 5 = -5*j. Suppose 2*x = 7*x - 4*w - 59, 4*w = -h*x + 91. Calculate the greatest common factor of x and 120.
15
Suppose 0 = 130*q - 4309 + 1189. Calculate the greatest common divisor of 8784 and q.
24
Let p be (-34)/(-6)*-7*(-48)/56. Let q(s) = 5*s - 10. Let h be q(8). Let l = h + p. What is the greatest common divisor of 8 and l?
8
Let h = -59 - -64. Suppose 0 = 5*f + h*j - 80, f + 46 = 5*f - 5*j. Suppose 4*c - 420 = c. Calculate the highest common divisor of c and f.
14
Let k(x) be the third derivative of -91*x**4/12 + x**2. Let p be k(-2). Let s = p + -259. What is the highest common factor of s and 35?
35
Let v be (4/36*-3)/(1/(-6)). Let f be 3 + (-1 - -4) + -4 + 4. Calculate the highest common factor of f and v.
2
Let f = 265 - 120. Suppose 21*r - 1703 = f. What is the highest common divisor of r and 22?
22
Suppose 15*g - 1 = 14*g. Suppose -6*s - g = -31. What is the highest common factor of s and 50?
5
Let l(s) = 3*s + 105 - 2*s - 107. Let m be l(12). What is the greatest common divisor of m and 110?
10
Let m(o) = 44*o**2 + 167*o - 6. Let q be m(-6). Calculate the highest common divisor of 9 and q.
9
Suppose 0*y - 324 = -2*q + 4*y, 4 = y. Suppose 0 = 5*c - q + 45. Calculate the greatest common factor of 25 and c.
25
Let k be 236 + -1 - (-14 + 9). Let d = k + -218. Calculate the highest common divisor of d and 264.
22
Let v = -1378 - -1411. Suppose 0 = 4*x - 5*x + 183. Suppose -5*f - v = -x. Calculate the highest common factor of 6 and f.
6
Let i be (-4 + 662/3)*3. Let f be (-1)/(2595/i - (7 - 3)). Calculate the greatest common divisor of 13 and f.
13
Suppose 2 = -2*y, -5*x + 6*y = 7*y - 34. Suppose -11 = 2*t - 5*t + 2*o, t - 4*o - x = 0. What is the highest common factor of 111 and t?
3
Let v(d) = -25*d - 102. Let g be v(4). Let f = -170 - g. What is the highest common divisor of 448 and f?
32
Let a(i) = 1 + 11 + i**3 - 11*i + 1 - 1 - 3*i**2. Let g be a(5). Let k be (-15)/(-2) + 1/(-2). Calculate the greatest common factor of g and k.
7
Suppose 27*a + 1120 = 7*a. Let v be (a/10)/((-80)/200). What is the highest common divisor of v and 224?
14
Suppose -6*x + 8215 = 14*x + 2335. What is the highest common divisor of x and 30?
6
Let w(h) = h**3 + 21*h**2 + 55*h + 6. Let k be w(-17). Suppose 226*x = k*x - 76. Let y = 28 + -9. What is the highest common factor of y and x?
19
Suppose 372 = 90*f - 86*f. Let q = f - 72. What is the highest common factor of 357 and q?
21
Let u(g) = 45*g**2 - 45*g + 85. Let c be u(2). Calculate the greatest common divisor of c and 1820.
35
Let h(v) = 29*v + 10. Let x be 22/(-55)*5/(-2). Let s be h(x). Calculate the highest common divisor of s and 1.
1
Suppose -5*y + 4*i = 751, 0 = -4*y - 2*i - 870 + 264. Let g = 175 + y. Calculate the greatest common factor of g and 24.
24
Suppose 512 = 4*m + 16*i + 44, m = -2*i + 101. What is the greatest common divisor of 15 and m?
5
Suppose 2*k = 17*k - 120. Let f = 259 + 9. Calculate the greatest common factor of k and f.
4
Let s be 12/(-16) - (-35)/20. Let v be (-8 - 36/(-5))/(s/(-45)). Calculate the highest common divisor of v and 60.
12
Let d be (-3)/((-45)/(-6))*-10. Let q be 13 + 1 + (-1071)/(-119). Suppose -5*r - i = -6*r + q, 116 = 5*r - d*i. What is the highest common divisor of r and 24?
24
Suppose 2*t + 20 = 4*j, -12*t = -2*j - 16*t. Suppose -2*o - 10*l + 5*l = -93, -j*l = -4*o + 116. What is the greatest common divisor of o and 51?
17
Suppose -561 = -3*w + 33. Suppose 25 = 5*s, 3*f - 1287*s - 381 = -1284*s. What is the highest common factor of w and f?
66
Suppose 4*q = 5*g - 509, 2*g - 3*q + 6*q = 222. Let y = -239 + 92. Let n be ((-1)/(-6))/(7/y)*-10. Calculate the greatest common divisor of n and g.
35
Let v be (-18)/(-12) + 1921/(-2). Let c = 1400 + v. What is the highest common divisor of 63 and c?
63
Let z = 61 - 53. Suppose f - 3 = 3*w + 4*f, -f + z = 4*w. Let h be 3/w + (24/3 - -2). What is the greatest common factor of h and 33?
11
Let u(w) = w**2 + 22*w + 107. Let a be u(-15). Suppose 2*k - h - 12 = -3*h, a*k = -h + 8. What is the greatest common factor of 82 and k?
2
Suppose 548*j - 129367 = 319993. Calculate the highest common factor of j and 3075.
205
Let c = 105 - 79. Let a be 4/c - ((-5727)/39 + 2). Suppose 5*y - 3*k = -6*k + 190, -a = -4*y - k. What is the highest common factor of y and 140?
35
Suppose 34*j - 15*j = 15086. Let q = 2236 - j. What is the highest common divisor of q and 14?
14
Let z = 716 + -119. Suppose z - 273 = 3*i. Suppose 23 = 4*t + 5*c, -2*t + 15 = 2*c + 1. What is the highest common divisor of i and t?
12
Let w(r) be the second derivative of r**4/4 - 8*r**3/3 - 4*r**2 + 2*r + 4. Let z = -1 + 7. Let l be w(z). Calculate the highest common factor of 10 and l.
2
Let y be (-96)/(-720) + (-76372)/(-60). What is the greatest common factor of 76 and y?
19
Suppose -5*p + 5*w - 1485 = 0, 0*p = -4*p + w - 1188. Let u be 48/(((-6)/p)/((-2)/(-6))). Calculate the highest common factor of u and 33.
33
Let z = -2072 + 2140. Calculate the greatest common factor of 2006 and z.
34
Suppose 5*w = 2*w + 162. Suppose 48*j - 45*j - 3 = n, 4*n - 5*j - 9 = 0. Calculate the highest common divisor of w and n.
6
Suppose w = 2, -6*j + j - 1161 = 2*w. Let d = -187 - j. What is the greatest common divisor of d and 69?
23
Suppose 0 = 4*v + 3*k - 277, 6*v - 4*v = -4*k + 136. Suppose 0 = f + 2*q - 36, -5*q + 0*q + 104 = 3*f. What is the highest common factor of v and f?
14
Let y be 0 + 1 + -2 + (4 - -1). Suppose 2*f = y*z - 8, -4*f - z = -f - 23. Let q be 0/(f/2)*-1 + 15. Calculate the highest common factor of q and 5.
5
Let g be 14 + 5*(-20)/(-25). Let b = -1990 + 2008. Calculate the greatest common factor of g and b.
18
Suppose 12 = 8*k - 6*k. Suppose j - 23 = -i - 5, i = 5*j - k. Let o be ((32 - 12) + (-4)/(-2))*7. What is the highest common divisor of i and o?
14
Suppose -6 = 2*r - 2. Let v = 8 + r. Suppose -68*l + 27*l + 1476 = 0. Calculate the highest common divisor of l and v.
6
Let b(z) = 327*z**2 - 17*z + 14. Let f be b(1). What is the highest common di